 7304. List the prime factors of v.
2, 11, 83
Let q(s) = s**3 + 15*s**2 - 33*s + 29. Let h be q(-17). Suppose h*j - 4665 = 3195. List the prime factors of j.
5, 131
Let g(w) = 6*w**2 - 2*w + 1. Let f be g(1). Let p(u) = -20*u + 410. Let l be p(17). Suppose -l = -o + f. What are the prime factors of o?
3, 5
Let r(w) = -w**2 - 2*w - 36. Let m be r(-16). Let q = 327 + m. What are the prime factors of q?
67
Suppose -1405 = -10*y + 1645. Let o = y - 112. List the prime factors of o.
193
Suppose 11*h - 27582 = -7*h + 12*h. What are the prime factors of h?
4597
What are the prime factors of -540*27/(-18) - 7?
11, 73
Suppose -o + 2 = -2*y + 11, 3*y - 21 = 4*o. Suppose y*i = -30 + 36. Suppose -4*b + 3*g + 462 = 0, i*b + g - 2*g = 232. List the prime factors of b.
3, 13
Let y(m) = 25*m - 5. Suppose 4*v = 5*v + 3*o - 21, 0 = -2*o. Suppose 2*q - v = -7. List the prime factors of y(q).
2, 5, 17
Let y = -28654 + 47815. What are the prime factors of y?
3, 2129
Let u = -240 + 240. List the prime factors of (0 - -401) + (-4 - (-1 + u)).
2, 199
Let u(m) = 19*m + 9*m + 4*m**2 - 8*m + 1. Let g be u(-9). Let j = 225 - g. List the prime factors of j.
2, 5
Let p be ((-19100)/175)/(4/(-14)). Let f = -3 + 13. List the prime factors of 4 - p*(-5)/f.
3, 5, 13
Suppose 3*l = 53*l - 591250. What are the prime factors of l?
5, 11, 43
Let c(q) = 4*q**3 + q**2 - 2*q + 6. Let t be c(3). Let u = t - 232. List the prime factors of (-1 + -36)/(-6 + u/(-20)).
2, 37
Suppose -6*i + 3*i = -3*d + 1905, 0 = -2*d + 3*i + 1271. What are the prime factors of d?
2, 317
Suppose u - 3*f = 0, 0 = -5*u - 0*f - 3*f - 90. Let i(d) = -15*d + 57. What are the prime factors of i(u)?
2, 3, 47
Let j(w) = -53*w**3 - w**2 + 7*w + 7. Let b be j(-1). Suppose -p + b + 179 = 0. List the prime factors of p.
3, 7, 11
Let g be (-6)/(-4) - 4/8. Let m be (0/(5/g))/1. Suppose 2*i + 2*h = 28 + 308, -2*i - h + 338 = m. List the prime factors of i.
2, 5, 17
Suppose 104*n - 93*n - 85778 = 0. Suppose 17*f - n = -1083. What are the prime factors of f?
5, 79
Suppose 0 = -2*d + 7*d - 10. Let t be ((-227)/d)/((-4)/8). What are the prime factors of (-1)/(-4) - t/(-4)?
3, 19
Let x(o) = -4*o**2 + 10*o - 11. Let y be x(5). Let j = y + 61. Suppose j = t - 2*r - 48, -119 = -3*t + 3*r - 2*r. List the prime factors of t.
2, 19
What are the prime factors of (170/(-4)*-8)/((-7)/(-112)*2)?
2, 5, 17
What are the prime factors of (-18)/45 - (-641735)/25?
7, 19, 193
Let n(v) = -5*v**3 + 4*v**2 - v + 5. Let l(r) = -4*r**3 + 4*r**2 - r + 4. Let z(k) = 6*l(k) - 5*n(k). Let d = 25 - 29. List the prime factors of z(d).
3
Let j = -39 - -47. Suppose s = -0*s + j. List the prime factors of (0 - -1 - s)*-3.
3, 7
Suppose 0 = -0*j + 3*j + 4*o + 5, 4*j + 2*o = -10. Let i be 2/j - (-3)/(9/14). Suppose -192 = i*s - 7*s. List the prime factors of s.
2
Let k(d) = -6*d**2 + 2*d - 3. Let a be k(1). Let f be 6940/28 + -1*1/a. Suppose 5*j + 4*b = 265, 2*b + 2*b + f = 4*j. List the prime factors of j.
3, 19
Let w be (-6)/(-18)*(22 + -1). Let m = -12 + w. Let g = 11 - m. List the prime factors of g.
2
Suppose 21*x - 15540 = 7*x. Suppose -11*i + 9811 = x. List the prime factors of i.
7, 113
Let r(q) = -23*q + 52 + 0 + 315*q**2 - 302*q**2 - q**3. List the prime factors of r(9).
13
Suppose 18*q + 73*q - q = 898920. List the prime factors of q.
2, 11, 227
Let p = -6273 - -16192. List the prime factors of p.
7, 13, 109
Suppose 0 = -2*l + 5*d + 111, -7*d = -4*l - 5*d + 182. Let h = 13 + 58. Let v = h - l. What are the prime factors of v?
2, 7
What are the prime factors of (((-93)/18)/((-7)/(-21)))/((-2)/752)?
2, 31, 47
Let i(k) = -198*k - 43 + 9 + 206*k. Let t be i(5). Suppose t*s - 73 = 611. List the prime factors of s.
2, 3, 19
Suppose 3*i - 2 = 3*f + 16, 5*i = -5*f + 60. Suppose -2*u + i = -u. List the prime factors of 6/u - 446*1/(-6).
3, 5
Let k be (-3 + -3)/((-6)/(-6 + 3)). Let s(i) = -16*i**3 + 2*i**2 - 5*i - 4. What are the prime factors of s(k)?
461
Suppose 48*m - 91527 = 106761. What are the prime factors of m?
3, 17
Suppose 0 = 31*x - 32*x + 83. Suppose 0 = -88*z + x*z + 685. What are the prime factors of z?
137
Suppose 4*b + 4*w - 60 = 0, 0 = 4*w - 2 - 10. Let x be (-1)/(-2) - 1458/b. Let o = x + 259. What are the prime factors of o?
2, 3, 23
Let t(v) = v. Let s(g) = -19*g + 1. Let r(y) = 2*s(y) - 6*t(y). List the prime factors of r(-2).
2, 3, 5
Suppose -9*a + 4*a = -y + 319, -4*a = y - 292. List the prime factors of 2 + -4 - (4 - 1 - y).
13, 23
Let f = 20497 + -13790. What are the prime factors of f?
19, 353
Suppose -3*m + 2*m + 4*y = 88, 0 = -y. Let j = m + 211. List the prime factors of j.
3, 41
Suppose 0 = 21*q - 15*q - 12. Suppose -5*o + 577 = -3*y - 88, -5*y = q*o - 297. What are the prime factors of o?
2, 17
Suppose u = -4*u - 3*g + 77, 3 = -3*g. Suppose -2223 = u*k - 25*k. List the prime factors of k.
13, 19
List the prime factors of ((-8094)/76)/((-1)/70).
3, 5, 7, 71
Let n(f) = 12128*f + 177. List the prime factors of n(6).
3, 5, 1621
Suppose 393*p - 9069812 = 44*p. List the prime factors of p.
2, 73, 89
Suppose -13618*y - 13791 = -13620*y + 8389. What are the prime factors of y?
2, 5, 1109
Let t(n) = -17*n + 28. Let c be t(-5). Let x = -42 + c. Let l = x - 68. List the prime factors of l.
3
Let t(d) = d + 7. Let j be t(-6). Let z be (-4 - (1 - j)) + 31. Suppose v - z = 90. What are the prime factors of v?
3, 13
Let p(s) = s + 24. Let q be p(6). Let j be 8/(-10)*275/q*3. Let m = 2 - j. What are the prime factors of m?
2, 3
List the prime factors of (7/(-4))/((-8)/(-88)*1/(-676)).
7, 11, 13
Let s(w) = 27*w + 84. Let v be s(21). Suppose -q - 2*h + 220 = -0*h, 3*q = 3*h + v. List the prime factors of q.
2, 109
Let x(l) = 52*l + 2859. List the prime factors of x(53).
5, 1123
Suppose 0*x - x - 4*j = 8, -5*x = 4*j + 40. Let f be (596 - (x + 4)) + 2. Suppose -6*b - 8*b = -f. List the prime factors of b.
43
Let a(w) = -2*w + 26. Let t be a(-9). Let x be (6 + t/(-6))/((-2)/18). What are the prime factors of (-9)/(-6)*928/x?
2, 29
What are the prime factors of (-10915020)/(-4715) - (-1)/23?
5, 463
Let i(o) = -26*o - 15. Suppose 0 = -14*y + 7*y - 28. List the prime factors of i(y).
89
Suppose -5*d = -13 - 2. Suppose 5*o + 146 = d*p, 2*o = 7*p - 2*p - 218. Let q = 3 + p. List the prime factors of q.
3, 5
Let b be (-3 - -3)*((-11)/3 + 4). Suppose b = -j - z - 2*z + 815, -4*z = j - 811. List the prime factors of j.
827
Suppose -3*q - 473 = -41. Let a = q - -415. Suppose 9*y - a - 116 = 0. What are the prime factors of y?
43
Let s(r) = 303*r + 149. Let n be s(-6). Let d = 2918 + n. List the prime factors of d.
1249
Let q = -1 - -6. Suppose -5*m - 15 = 0, -r + 3*m = -20 + 7. Suppose -f - 79 = -6*f - 4*w, -65 = -r*f - q*w. List the prime factors of f.
3, 5
Suppose -5*u = 5*n - 218905, 7382*u = 7381*u - 4*n + 43796. List the prime factors of u.
2, 3, 19
Let y(l) = -l**2 + 19*l + 41. Suppose 5*n - 7 = 98. Let w be y(n). Let o(h) = -270*h**3 + 2*h**2 + 3*h + 2. What are the prime factors of o(w)?
271
Suppose -12*o + 23180 = 2012. List the prime factors of o.
2, 3, 7
Suppose 4*s + 4*x = 7*s + 10, 5*x - 18 = s. What are the prime factors of (-677)/(-2) + s + 20/40?
11, 31
Suppose -133*x - 5*r + 34950 = -128*x, -2*r - 6990 = -x. List the prime factors of x.
2, 3, 5, 233
Suppose -d + 2*u = 56, -4*d + u - 216 = 1. Let j = 80 + d. What are the prime factors of j?
2, 13
Suppose -3*f + 59357 = 2*g, 6 = -38*f + 40*f. List the prime factors of g.
2, 37, 401
Let y = 161 + -156. Suppose -2 = 7*c - y*c, 4*c + 676 = k. What are the prime factors of k?
2, 3, 7
Let f = -3501 - -7427. What are the prime factors of f?
2, 13, 151
Suppose 3103*x + 46986 = 3105*x. What are the prime factors of x?
3, 41, 191
Let k = -3732 + 11504. What are the prime factors of k?
2, 29, 67
Suppose 2*p = 2*r + 644, p - 2*r = 9 + 313. Let d = p - 167. Suppose -d - 279 = -7*l. What are the prime factors of l?
2, 31
Let v(p) = 48*p**2 - 4*p + 4. Let m be v(3). Suppose m - 206 = z. What are the prime factors of z?
2, 109
What are the prime factors of 1771 - -142 - (8 + -2)?
1907
Let q(b) = 130*b + 34. Let u(v) = -259*v - 66. Let w(n) = -5*q(n) - 3*u(n). List the prime factors of w(8).
2, 3, 29
Let c(v) = -v**2 + 4*v + 13. Let p be c(8). Let s = -16 - p. Suppose -4*w = s*g - 125 - 246, 202 = 2*w - 4